23031
In base 12, what is 2 - 7234?
-7232
In base 2, what is 11 - 11100101111111011?
-11100101111111000
In base 5, what is -442241 - 221?
-443012
In base 16, what is 5c - -1fb1?
200d
In base 14, what is 4 - -15958?
1595c
In base 8, what is -117675 - 11?
-117706
In base 4, what is 10 + 21013030?
21013100
In base 3, what is 2111202 + 21?
2112000
In base 2, what is 1100000001011 - -110111?
1100001000010
In base 10, what is -4 + 6313?
6309
In base 4, what is 11130111 + 0?
11130111
In base 9, what is 5 - -33437?
33443
In base 10, what is 69 + -1924?
-1855
In base 2, what is 100 - 1010001111100?
-1010001111000
In base 8, what is 42 - 1574?
-1532
In base 6, what is -3 - -43504?
43501
In base 14, what is -4455 - -1?
-4454
In base 14, what is -2 + 77473?
77471
In base 6, what is 1 - -15522353?
15522354
In base 7, what is -64 + -12301?
-12365
In base 4, what is 13001 - 323?
12012
In base 12, what is -2 + 52481?
5247b
In base 6, what is -344 + 12551?
12203
In base 3, what is 0 - -201101201022?
201101201022
In base 8, what is 107 - 10707?
-10600
In base 5, what is -34 - 441341?
-441430
In base 16, what is 3794d + 8?
37955
In base 12, what is 4 - 7a89?
-7a85
In base 10, what is 309 + 168?
477
In base 12, what is -192 - -628?
456
In base 16, what is 5e - -22d?
28b
In base 7, what is -432 + 6266?
5534
In base 13, what is -a98 - -2?
-a96
In base 11, what is 7 - -20708?
20714
In base 3, what is 100100102 - 11011?
100012021
In base 8, what is -446 + 4106?
3440
In base 15, what is 5e + 74ab?
751a
In base 8, what is 2 + 63135?
63137
In base 8, what is -152220 + 4?
-152214
In base 16, what is 7 - 3b58?
-3b51
In base 4, what is -13 - -1020230322?
1020230303
In base 11, what is -129a7 - 1?
-129a8
In base 8, what is 306126 + 6?
306134
In base 6, what is -5 + -20204?
-20213
In base 4, what is 1111 + 33233?
101010
In base 15, what is 201 - -79a?
99b
In base 12, what is 85 - 13b?
-76
In base 9, what is 331218 - -31?
331250
In base 6, what is 5 + -43434213?
-43434204
In base 16, what is -34d7 + d0?
-3407
In base 14, what is -6b407 + -1?
-6b408
In base 16, what is -1816d + 0?
-1816d
In base 10, what is -58 + 279?
221
In base 15, what is 1 + 13302?
13303
In base 2, what is -1001 - -101001100010?
101001011001
In base 10, what is 3 + -15660?
-15657
In base 13, what is 5 - -40cb5?
40cba
In base 5, what is 2 - -2401231?
2401233
In base 2, what is 111110000111 - -1011?
111110010010
In base 13, what is 117 + -35c1?
-34a7
In base 8, what is -2340 - -327?
-2011
In base 6, what is -21241 + -45?
-21330
In base 5, what is -332 + -131?
-1013
In base 2, what is 11101111100110001 + 1?
11101111100110010
In base 3, what is 100012002210 + 0?
100012002210
In base 4, what is -333201103 + -3?
-333201112
In base 13, what is -25 - -255?
230
In base 8, what is -4 + 12672?
12666
In base 3, what is 110 - -11201122?
11202002
In base 3, what is -2000021 + 11?
-2000010
In base 14, what is a25 + 3b?
a62
In base 4, what is 13 - 331321?
-331302
In base 13, what is b80 - 1a?
b63
In base 11, what is 34531 - 0?
34531
In base 9, what is -1040711 - -2?
-1040708
In base 10, what is -1564738 - 2?
-1564740
In base 9, what is -3326 - -6?
-3320
In base 13, what is -7c + c68?
bb9
In base 10, what is 381804 - -3?
381807
In base 5, what is -14120431 - -31?
-14120400
In base 13, what is 498 + -5cb?
-133
In base 10, what is 48 - -5055?
5103
In base 16, what is -7 + affe?
aff7
In base 11, what is 6 + -4746?
-4740
In base 13, what is b + -689?
-67b
In base 8, what is 17543403 - 3?
17543400
In base 3, what is 2022100 - -1212?
2101012
In base 11, what is -20501 + -35?
-20536
In base 12, what is 757035 + -3?
757032
In base 12, what is -22 - -415b9?
41597
In base 15, what is 3c5 + d2?
4a7
In base 6, what is 4 - 34041?
-34033
In base 15, what is a - 264db?
-264d1
In base 8, what is -4 + 715011?
715005
In base 3, what is -11 - 2001000010?
-2001000021
In base 15, what is 4a436 + 5?
4a43b
In base 15, what is 8 - -3ba6b?
3ba74
In base 15, what is -e - -66098?
66089
In base 3, what is 11 + -10201221?
-10201210
In base 12, what is -46 + 3904?
387a
In base 5, what is -343 + 11302?
10404
In base 16, what is 4 - -ccd29?
ccd2d
In base 9, what is -12034 - -14?
-12020
In base 14, what is -311 - 11?
-322
In base 8, what is 120751 + -4?
120745
In base 15, what is 1351a + -5?
13515
In base 10, what is -10 - -3767?
3757
In base 16, what is 0 - -c5f3?
c5f3
In base 12, what is -119271 - 2?
-119273
In base 4, what is 3 - -1303221?
1303230
In base 4, what is -3333003 - -1?
-3333002
In base 5, what is 3 - 1034011?
-1034003
In base 11, what is 65a68 + -5?
65a63
In base 5, what is -123 + -23214?
-23342
In base 16, what is 9b4e - -5?
9b53
In base 3, what is -122 + -20101110?
-20102002
In base 11, what is -320 - -512?
1a2
In base 7, what is 353 + -161165?
-160512
In base 10, what is 0 - 16528?
-16528
In base 13, what is -a9 + c0?
14
In base 14, what is -4d - 2962?
-29b1
In base 14, what is -3 - -86b0?
86ab
In base 9, what is 5 - 3271?
-3265
In base 6, what is 10 + 20434231?
20434241
In base 13, what is 149 + -2b5?
-169
In base 14, what is 2bcb - 6?
2bc5
In base 12, what is 111 - -190?
2a1
In base 6, what is 11344 + -3020?
4324
In base 2, what is 11 + -101011000100111111?
-101011000100111100
In base 11, what is 73a736 + -5?
73a731
In base 4, what is 1032 - 2?
1030
In base 16, what is -1b + e3?
c8
In base 15, what is -36 + 4b92?
4b5b
In base 11, what is 4 - 27962?
-27959
In base 7, what is -342350 - -11?
-342336
In base 7, what is -5 + -3521414?
-3521422
In base 16, what is 14 - 4258?
-4244
In base 3, what is -120102 - 100212?
-221021
In base 6, what is -123340 - -5?
-123331
In base 13, what is 1 + 1910a?
1910b
In base 14, what is -14 - 13d9?
-140d
In base 6, what is 2 - -321235?
321241
In base 8, what is -5163 - 53?
-5236
In base 10, what is -6974 - 168?
-7142
In base 10, what is -8 - 1819?
-1827
In base 14, what is -753 - -1b0?
-583
In base 11, what is 5 + -20068?
-20063
In base 7, what is -2 + 15153?
15151
In base 11, what is -959 - -172?
-797
In base 14, what is 4 + c?
12
In base 5, what is 1013 - 1133?
-120
In base 2, what is 100000101111101110 - -10001?
100000101111111111
In base 2, what is 1001111110 + 110?
1010000100
In base 16, what is 35 + 1b0?
1e5
In base 12, what is 511ab + -1?
511aa
In base 7, what is -6034 - -454?
-5250
In base 2, what is -10101 + 1000111101?
1000101000
In base 11, what is 535866 - 2?
535864
In base 7, what is 642 - -160?
1132
In base 5, what is 122 + 10221?
10343
In base 8, what is 4645 + 40?
4705
In base 13, what is 3 - ab71?
-ab6b
In base 6, what is 1 - -125431?
125432
In base 16, what is -8040d - -4?
-80409
In base 8, what is -102 + 55?
-25
In base 15, what is 1 - -110c?
110d
In base 13, what is -206 - -88?
-14b
In base 4, what is 1133 + 30200?
31333
In base 7, what is -2066 - 1456?
-3555
In base 9, what is -4 + 23722?
23717
In base 3, what is -11212 + -2111?
-21100
In base 12, what is -74 - -6?
-6a
In base 8, what is 23736 - -13?
23751
In base 8, what is 5 - 175564?
-175557
In base 11, what is 17 + -a28?
-a11
In base 5, what is 2001 + 12412?
14413
In base 13, what is 3 + 2c97a6?
2c97a9
In base 13, what is 7 - 3c5c?
-3c55
In base 15, what is 46 + -118?
-c2
In base 6, what is 4 + 105442?
105450
In base 3, what is 21210212200220 + -11?
21210212200202
In base 16, what is 1e97 - -5?
1e9c
In base 16, what is -5 - -a7e35?
a7e30
In base 2, what is 10000011011100111 - -1?
10000011011101000
In base 14, what is -46b18 - 2?
-46b1a
In base 12, what is -7a91 - 0?
-7a91
In base 12, what is -2 + -188755?
-188757
In base 12, what is 0 - -27781?
27781
In base 4, what is 121 + -1223110?
-1222323
In base 7, what is 62052 - -33?
62115
In base 5, what is 112 + -12034?
-11422
In base 13, what is 464 + -18?
449
In base 8, what is 22 + -553771?
-553747
In base 11, what is -2a6368 + 0?
-2a6368
In base 14, what is -1 + -c752?
-c753
In base 14, what is 8 - -393?
39b
In base 10, what is -857584 - -2?
-857582
In base 14, what is -39c6c0 - 1?
-39c6c1
In base 3, what is -12 + 1000000220020?
1000000220001
In base 10, what is 1 - 283436?
-283435
In base 8, what is 602274 - -4?
602300
In base 11, what is -3 + -3278?
-3280
In base 13, what is -40852 - -2?
-40850
In base 7, what is 3 + 1550460?
1550463
In base 13, what is 0 + -12997?
-12997
In bas